inder when h is divided by 13?
9
Let u be (-17)/(-1) - 0/3. Suppose -2*p + 37 = -u. Suppose 5*y - 7*a + 4*a = 44, 3*a - 6 = 0. What is the remainder when p is divided by y?
7
Let r = 46 - 25. Let s = -16 + r. Suppose 3*z - 204 = -5*q, 3*q - q + s*z = 93. Calculate the remainder when q is divided by 10.
9
Let k(n) = 12*n - 19. Calculate the remainder when k(16) is divided by 18.
11
Calculate the remainder when 195 is divided by (-1)/(-4) + (-10)/((-160)/668).
27
Let i(q) = -q**3 + 9*q**2 - 8*q - 12. Let c be i(7). Suppose 26*k = c*k - 84. Calculate the remainder when k is divided by 12.
9
Let h(t) = 8*t + 4. Let u(m) = -12*m - 1. Let w be u(-1). Suppose -5*x = o - w, -2*o = o - 3*x - 15. Calculate the remainder when h(o) is divided by 27.
25
Let f = -53 - -304. What is the remainder when f is divided by 18?
17
Calculate the remainder when ((-36)/27 + 0)/((-4)/150) is divided by 9.
5
Let n be -4 - (-3 - (3 - 4)). Let f be (0 - 4)/n - -1. Suppose -5*u + 123 = -4*o, 79 = f*u - o - 4*o. What is the remainder when 67 is divided by u?
21
Let p = -49 - -87. Calculate the remainder when p is divided by 13.
12
Let y(b) be the first derivative of -b**3/3 - 6*b**2 - 6*b + 11. Calculate the remainder when y(-9) is divided by 8.
5
Suppose 2*z - 46 - 4 = 0. Calculate the remainder when z is divided by 80/(-440) + (-156)/(-11).
11
Let l(k) = -3*k - 6. Let r be l(-12). Let s = -27 + r. Let x = -8 - -17. What is the remainder when x is divided by s?
0
Let a(y) = y**2 - 8*y - 7. Let h be a(9). Suppose m - 27 = h*i, -i - 108 = -4*m - 0*i. What is the remainder when m is divided by 10?
7
Suppose 0*y = -5*n + 4*y + 64, 4*y = 3*n - 40. Suppose -n - 60 = -8*o. Calculate the remainder when o is divided by 6.
3
Let h(n) = n**2 + 2*n + 7. Let k(v) = 2*v - 1. Let c(q) = h(q) - 6*k(q). Suppose -y = -0*y - 10. Calculate the remainder when c(y) is divided by 7.
6
Let q be (-56)/(-9) - (-2)/(-9). Let o(m) = -1 + m**3 + q - 9*m**2 + 0*m + 3 - 10*m. Calculate the remainder when 21 is divided by o(10).
5
Let p = 144 - 99. Suppose 4*s = -3*i - 7, -4*i - 5*s + 0 = 8. Suppose 2*f - 4*f + 29 = i*b, 0 = -4*f + 4*b + 68. What is the remainder when p is divided by f?
13
Let l(a) = -8*a - 190. What is the remainder when 15 is divided by l(-24)?
1
Suppose -51*f = -55*f + 868. Calculate the remainder when f is divided by 55.
52
Let k(q) = -q**3 + 4*q**2 - 5*q + 4. Let h be k(3). Let d = -29 + 85. What is the remainder when d is divided by (-174)/(-4)*h/(-3)?
27
Let a(v) = 4*v**2 - 4*v - 2. Let h(r) = -r**2 + 6*r - 4. Let m be h(4). Let y be a(m). Suppose -2*n + y = -0*n. Calculate the remainder when n is divided by 13.
10
Suppose v = -2*p + 155, -12*p = -13*p + v + 76. What is the remainder when p is divided by 20?
17
Let f(z) = 12*z**3 - 2*z**2 - 3*z - 2. Let w be f(-2). Let t = 209 + w. What is the remainder when t is divided by 28?
25
Let w(m) = 6*m**2 - 11*m**2 - m**3 - 3 - 2*m - 6*m**2. Let i = 2 - 13. Calculate the remainder when w(i) is divided by 11.
8
Suppose 0 = -0*u + 5*u - 20, 2*m + 58 = -2*u. Let p = -19 - m. Suppose -6 = 4*x - p. Calculate the remainder when 5 is divided by x.
1
Let r(o) = 5*o + 9. Suppose 3*w = 12 + 3. Let y be r(w). Suppose 2*q - 4*k - 86 = 0, -3*q = -k - 90 - y. What is the remainder when q is divided by 14?
13
Let x be 70 + (-2 - -4)/1. Let y(u) = -364*u - 4. Let o be y(3). What is the remainder when 28 is divided by 4/(-18) - o/x?
13
Suppose -83 = -4*q - 19. Suppose -5*w = -4*a + 415, 12*a = 14*a + 5*w - 155. Calculate the remainder when a is divided by q.
15
Let m = 40 + -21. Calculate the remainder when (22 - m) + (-1 - -72) is divided by 19.
17
Let n = 11 - 8. Suppose n*d = 5*q + 45, 38 = 3*d + 4*q - 7. Let b = 84 - d. What is the remainder when b is divided by 24?
21
Suppose 0*x - 150 = -15*x. Calculate the remainder when 128 is divided by x.
8
Let q be (-364)/(-30) + (-28)/210. Let z = 52 - q. Calculate the remainder when 117 is divided by z.
37
Suppose -4*i - 5*p = 13, 2*p + 0*p + 10 = 0. Let q = 129 + -120. What is the remainder when (-1)/((-1)/(51/i)) is divided by q?
8
What is the remainder when 140 is divided by (-62 + 8)*(-4)/6?
32
Suppose 6*d + 66 + 102 = 0. Let z be (-11)/(-4) - 7/d. Suppose z*c = -3*t + 10 + 44, 2*c - 2*t - 16 = 0. Calculate the remainder when c is divided by 5.
3
Let l(k) = -k**3 - 7*k**2 + 6*k + 15. Let s be l(-10). Let h = -359 + s. What is the remainder when 50 is divided by h/(-6) - (-1)/(-3)?
16
Suppose -157 + 605 = 4*f. Let u(n) = -43*n + 3631. Calculate the remainder when f is divided by u(84).
17
Suppose -j - 31 = -h, 0 = 4*j + 9 - 5. Let b(g) = -g**3 - 5*g**2 - 3*g + 5. What is the remainder when b(-6) is divided by h?
29
Let z(v) = v**2 + 4*v - 7*v + 0*v**2 - 3. Suppose 58 = -3*t + 88. Calculate the remainder when z(-5) is divided by t.
7
Let f(t) = t + 61. Let j(n) = -n**3 + 9*n**2 + n - 9. Let m be j(9). What is the remainder when f(m) is divided by 8?
5
Let l(c) = -c**3 - 2*c**2 - c. Let s be l(-2). Suppose 15 = 3*f - x, 0*x - 3*x = -s*f + 3. Suppose 0*v + v = 9. Calculate the remainder when v is divided by f.
3
Let p be ((-22)/(-8))/((-3)/(-24)). Let y(b) = b**3 - 18*b**2 + 18*b - 4. Let c be y(17). Let t = p - c. What is the remainder when 33 is divided by t?
6
Let n be (0 + 2 - -14)*4. Suppose 0 = -5*i + n + 11. Let j(m) = 4*m - 44. Calculate the remainder when j(18) is divided by i.
13
Suppose 0 = -v + 4*v. Suppose -3*a + 2*n + 77 = v, -2*a + 5*a + 2*n = 61. What is the remainder when a is divided by 8?
7
Suppose -24 = 26*r - 28*r. Calculate the remainder when 28 is divided by r.
4
Suppose -3*r + 4*q + 18 = 0, 2 = -r - 4*r - 4*q. Let w(t) = 16*t + 3. Let k be w(-1). Calculate the remainder when r is divided by (-26)/k*(-1)/(-2).
0
Suppose -4*x = -4*r + 56, 6*r - 2*r - 2*x = 52. Suppose -252 = r*z - 16*z. What is the remainder when z is divided by 16?
15
Let n(x) = x**2 - x - 6. Let a be n(-2). Let q(t) = -t**3 + 2*t**2 - 5*t + 6. Suppose -v + 0 = -3. What is the remainder when q(a) is divided by v?
0
Suppose s = -5*x - 0*s + 121, -91 = -4*x + 5*s. Suppose -r - 4*g + 53 = 0, -3*r - x + 167 = 4*g. What is the remainder when r is divided by 18?
9
Suppose 0 = -4*f - 3*x + 30, 2*f - 16 = -2*f + 4*x. Suppose -4*c + 5*c - 5 = 0. Calculate the remainder when f is divided by c.
1
Let v = 22 + -36. Calculate the remainder when v/(-126) + (-242)/(-9) is divided by 10.
7
Let g = 311 - 253. Calculate the remainder when g is divided by 6.
4
Let m(b) = -b**3 + 10. Calculate the remainder when ((-6)/18*1)/(2/(-276)) is divided by m(0).
6
Let q(g) = -g**3 - 13*g**2 - 60*g - 38. What is the remainder when 362 is divided by q(-8)?
118
Suppose -2*m - 21 + 27 = 0. What is the remainder when (5 - 6)*(0 - 9) - 2 is divided by m?
1
Suppose -j + 5*k - 2*k + 6 = 0, 0 = -k - 1. Suppose -j*f - 18 = -6*f. Calculate the remainder when 15 is divided by f.
3
Suppose 2*t - 232 = -2*t. Let l(a) = 1444*a + 2920. Calculate the remainder when t is divided by l(-2).
26
What is the remainder when 48 is divided by (3/(-3))/((-6)/54)?
3
Let n(d) = 2*d**2 + 2*d - 2. Suppose 0 = -5*f + 12*f + 21. Calculate the remainder when n(4) is divided by 12/f*1/((-2)/5).
8
Let w = 78 - -584. What is the remainder when w is divided by 74?
70
Suppose -n = 4*p + 17, -3*n = p + 2*p + 15. Let g = 6 - n. Suppose -g*h = -3*h - 52. Calculate the remainder when 36 is divided by h.
10
Let w(z) = 15*z - 6. Let f(v) = -v**3 - 4*v**2 + v + 6. Let p be f(-4). Calculate the remainder when 70 is divided by w(p).
22
Let t = 40 - 63. Suppose 0 = -3*x - 2*x + 80. Let g = x - t. What is the remainder when g is divided by 21?
18
Suppose 2*b - 496 = -29*b. Suppose 0*t - 29 = -t. What is the remainder when t is divided by b?
13
Let p = 142 + -130. Calculate the remainder when 57 is divided by p.
9
Let z = 90 - 75. Calculate the remainder when 148 is divided by z.
13
Let t be (4*3)/((-11)/(-66)). Let u = 88 - t. Calculate the remainder when u is divided by 10.
6
Suppose 3*g - 6*g = 2*d - 1025, 1390 = 4*g - 2*d. What is the remainder when g is divided by 29?
26
Let o be (-1 - 4/(-4))/(3*1). Suppose 5*x = 5*w + 215, o*x = 4*x + 4*w - 204. What is the remainder when x is divided by 16?
15
Suppose 5*w - 1033 = -4*q, 3*q - q - 5*w = 509. Suppose -8*r + q = 89. What is the remainde